4 + -100221143?
-100221202
In base 6, what is -112540 - 5?
-112545
In base 15, what is -22927 + -1?
-22928
In base 10, what is -2395 - -396?
-1999
In base 11, what is 5 - -1484a?
14854
In base 3, what is 21 + -201010012?
-201002221
In base 10, what is 32 + -247?
-215
In base 15, what is -3086c + -2?
-3086e
In base 13, what is -7938 - -33?
-7905
In base 8, what is -13 - 42767?
-43002
In base 16, what is 8 + 161d?
1625
In base 2, what is 100101110111 + -100?
100101110011
In base 15, what is 261 - -d20?
1081
In base 9, what is -60450 - -7?
-60442
In base 2, what is 110011100000101 + 0?
110011100000101
In base 6, what is 150 - 254014?
-253424
In base 16, what is -2 + 5173c?
5173a
In base 3, what is 2202 - 101010?
-21101
In base 15, what is 4d + 40b?
459
In base 8, what is -1235 - -32?
-1203
In base 5, what is 21040 - 120?
20420
In base 14, what is -4c + 11d?
b1
In base 6, what is -3011135 + 4?
-3011131
In base 3, what is 1222222022110 + 2?
1222222022112
In base 11, what is 7 - -5822?
5829
In base 4, what is -33 + 12311300?
12311201
In base 3, what is 2000112101 - -2?
2000112110
In base 9, what is 65 + -33?
32
In base 6, what is 4053413 + -3?
4053410
In base 8, what is 305 + -107?
176
In base 14, what is d325 + -1b?
d308
In base 10, what is -3 - -2708?
2705
In base 7, what is -13651 - -300?
-13351
In base 4, what is 210 + -2010223?
-2010013
In base 3, what is 1121112001 - -11?
1121112012
In base 16, what is 380829 - 1?
380828
In base 14, what is -147 - 0?
-147
In base 8, what is -300265 + 5?
-300260
In base 2, what is 111011 + 111100100?
1000011111
In base 7, what is 254 - 1161?
-604
In base 7, what is -4 - 606152?
-606156
In base 12, what is 4b9 - -512?
a0b
In base 4, what is -10 - -10211013?
10211003
In base 4, what is 131102310 - 10?
131102300
In base 3, what is 1022011212 - -1?
1022011220
In base 7, what is -6 - -16233?
16224
In base 11, what is 0 - -a1456?
a1456
In base 9, what is -3237 - 882?
-4230
In base 11, what is 730 - -a?
73a
In base 6, what is 1043 + -220532?
-215445
In base 12, what is 164586 - -4?
16458a
In base 14, what is -b13 + -182?
-c95
In base 16, what is -f6 - 98?
-18e
In base 11, what is 231a - -850?
306a
In base 16, what is 10 - -304?
314
In base 5, what is -1032 - 43120?
-44202
In base 12, what is -a - 11a4?
-11b2
In base 12, what is -451b - 0?
-451b
In base 7, what is -3 + 320306?
320303
In base 10, what is 38483 + 27?
38510
In base 14, what is -2765d - 3?
-27662
In base 13, what is 3 + 5366a?
53670
In base 3, what is -12201020 - -1100?
-12122220
In base 12, what is -5710 + 2?
-570a
In base 14, what is -8967 - 1?
-8968
In base 6, what is -4421020 - -3?
-4421013
In base 12, what is -3 + -43a0aa?
-43a0b1
In base 4, what is 100310 - 13211?
21033
In base 10, what is 19094 + -14?
19080
In base 4, what is -103101 - -2100?
-101001
In base 2, what is 1000000010111111011001 - -10?
1000000010111111011011
In base 12, what is -14b - -90?
-7b
In base 6, what is 43042 - -4?
43050
In base 5, what is 322 - 12223?
-11401
In base 14, what is 1546 + -20a?
133a
In base 5, what is 10 + -143232?
-143222
In base 11, what is -1 - 35a8a?
-35a90
In base 13, what is -1648 + -1b6?
-1831
In base 15, what is 7e644 - 1?
7e643
In base 8, what is 617 + 25644?
26463
In base 4, what is 230110103 - 1?
230110102
In base 7, what is 32 + 30356?
30421
In base 15, what is -c3 + -48a?
-55d
In base 13, what is -2b + 265?
237
In base 11, what is 15 - -345?
35a
In base 13, what is 506 + 38c?
895
In base 12, what is 0 - 5866?
-5866
In base 16, what is 3 + -14252?
-1424f
In base 4, what is -13013 - -10?
-13003
In base 6, what is 0 - -32430?
32430
In base 4, what is -222221032 - 2?
-222221100
In base 11, what is 5 + -18125?
-18120
In base 7, what is -50 + 4631?
4551
In base 11, what is -829a + -11?
-8300
In base 15, what is -1 - -1382?
1381
In base 14, what is 1bad8 + 0?
1bad8
In base 3, what is 100011000 + 12?
100011012
In base 12, what is 15a37 + -4?
15a33
In base 14, what is -1048 + -4?
-104c
In base 16, what is -14da2 - 4?
-14da6
In base 15, what is 1d9 + -3e?
19a
In base 8, what is -6603 - 71?
-6674
In base 14, what is -32 - -89a?
868
In base 16, what is 878 - -1fe?
a76
In base 15, what is 35 - -2805?
283a
In base 4, what is -12230 - -3200?
-3030
In base 10, what is 30876 + -1?
30875
In base 9, what is 20 + -3263?
-3243
In base 15, what is 4b35 + 63?
4b98
In base 10, what is 582 + 252?
834
In base 12, what is -21471 - 4?
-21475
In base 13, what is -428 + -95?
-4c0
In base 3, what is -202 + -111101?
-112010
In base 12, what is -3 + -12208?
-1220b
In base 14, what is 1 + -b164?
-b163
In base 10, what is 68480 - -5?
68485
In base 8, what is -6 + 657014?
657006
In base 12, what is -1 + -436255?
-436256
In base 9, what is 1 + -20553?
-20552
In base 9, what is -1102715 - 2?
-1102717
In base 16, what is -1060 - 23?
-1083
In base 10, what is 2 + 261210?
261212
In base 8, what is 3 - 137534?
-137531
In base 12, what is 493 - 125?
36a
In base 16, what is 5 + 516b7?
516bc
In base 9, what is -1515 - 1425?
-3041
In base 10, what is 27465 - 40?
27425
In base 11, what is -1 - 35345?
-35346
In base 2, what is 111 - 1000000010100?
-1000000001101
In base 10, what is 133 + -8304?
-8171
In base 14, what is 8 - 89c?
-894
In base 7, what is 61 - 34?
24
In base 9, what is 170 + 254?
434
In base 13, what is 164b - -c?
165a
In base 2, what is -100010100001001000101 + 10?
-100010100001001000011
In base 4, what is -3 - 1101223?
-1101232
In base 13, what is -6933 - 1?
-6934
In base 10, what is -4 + -4559?
-4563
In base 15, what is -15 + -961?
-976
In base 2, what is 10100011110 - -110010010?
11010110000
In base 2, what is 10 + 1011101110110110010?
1011101110110110100
In base 10, what is -313 + -8503?
-8816
In base 4, what is 3123001 + -1021?
3121320
In base 11, what is 582 + 837?
1309
In base 11, what is -2531 + 86?
-2456
In base 7, what is 103425 - -4?
103432
In base 6, what is -4 + -3201223?
-3201231
In base 14, what is 1 + -38ba?
-38b9
In base 15, what is -1 + ab0c?
ab0b
In base 2, what is 10100 - -1001100?
1100000
In base 14, what is -5377b - -2?
-53779
In base 9, what is 4718 + -1238?
3470
In base 13, what is 23450 + 2c?
2347c
In base 5, what is -1 + -414011?
-414012
In base 13, what is 16530 + 3?
16533
In base 4, what is -10 + -20003232?
-20003302
In base 5, what is -11 + 12414402?
12414341
In base 15, what is 54 + -11e9?
-1195
In base 2, what is -100 - -101001011010110?
101001011010010
In base 14, what is -4 - 308aa?
-308b0
In base 5, what is 34 - -33131?
33220
In base 13, what is 561 + -78?
4b6
In base 10, what is -9 + -11857?
-11866
In base 14, what is 103 + 56a?
66d
In base 16, what is 1a1f + -2a?
19f5
In base 5, what is -14042113 - -13?
-14042100
In base 16, what is 2 + -2fd?
-2fb
In base 15, what is -1 - e07b?
-e07c
In base 3, what is 12 - 202112112?
-202112100
In base 8, what is 1261 - -72?
1353
In base 13, what is -6a + 3b4?
347
In base 5, what is -1 - 3310010?
-3310011
In base 9, what is 21511 - -13?
21524
In base 8, what is 3312 - 3321?
-7
In base 10, what is -53 - 36?
-89
In base 12, what is -1423 + -5a?
-1481
In base 6, what is -3404 + 105?
-3255
In base 4, what is -211 - 22020?
-22231
In base 16, what is 103 - -19e?
2a1
In base 16, what is -6cdb0 + -2?
-6cdb2
In base 7, what is -10 + 13413?
13403
In base 10, what is -19 - -34405?
34386
In base 5, what is -1013 + 111340?
110322
In base 13, what is -3 - -3577?
3574
In base 14, what is 1481 - 8?
1477
In base 14, what is 2 + -9aa0?
-9a9c
In base 6, what is -5 - 103300?
-103305
In base 11, what is -6a707 - -3?
-6a704
In base 12, what is -1 - 147685?
-147686
In base 8, what is 3 + 25512?
25515
In base 12, what is 4 + 2992?
2996
In base 11, what is -28 + -804a?
-8077
In base 4, what is -2131 - 212320?
-221111
In base 6, what is -401 - -42523?
42122
In base 7, what is 5213 + -423?
4460
In base 11, what is 77a444 + -2?
77a442
In base 6, what is 451122 - 0?
451122
In base 7, what is -215501330 - 4?
-215501334
In base 12, what is 488a - 203?
4687
In base 13, what is 433 + -14?
41c
In base 15, what is 1195c + -2d?
1192e
In base 3, what is -11 - -12221?
12210
In base 3, what is 2 - 1101102222002?
-1101102222000
In base 5, what is 12004414 + -4?
12004410
In base 13, what is 53023 - 4?
5301c
In base 2, what is -100 + -100010101000001